ase 3, what is -12200201001001 - 2?
-12200201001010
In base 4, what is 3233000102 - 2102?
3232332000
In base 6, what is -4 + 12323432215?
12323432211
In base 11, what is -4691 - -1666?
-3026
In base 8, what is -226052205 + -1?
-226052206
In base 5, what is 2 + -10021410014?
-10021410012
In base 16, what is 71269 + 8?
71271
In base 3, what is 210202000 + -12111002?
121020221
In base 9, what is 3463 - -20378?
23852
In base 10, what is 27 - 60175?
-60148
In base 9, what is 162620188 - 4?
162620184
In base 11, what is 61720707 + -4?
61720703
In base 11, what is 2 + -3511aa3?
-3511aa1
In base 5, what is -431044202 - 102?
-431044304
In base 2, what is -1010110000 + -100110010000111001?
-100110011011101001
In base 5, what is 3 - 1121411011221?
-1121411011213
In base 14, what is -23b6a2 - -d?
-23b693
In base 10, what is 9093 + -58344?
-49251
In base 6, what is 3 + 251555032?
251555035
In base 6, what is 113 - -11224001?
11224114
In base 5, what is 14002013 - -13?
14002031
In base 3, what is -221002202210 - 10112?
-221002220022
In base 13, what is 1628b5a + -4?
1628b56
In base 6, what is -12245515153 - -3?
-12245515150
In base 2, what is -11111101001111111010 - 1010?
-11111101010000000100
In base 10, what is 5 - 93210125?
-93210120
In base 10, what is 40609 - 3495?
37114
In base 13, what is 388ac + 6c?
3894b
In base 2, what is -10010011111010 + 100110100?
-10001111000110
In base 11, what is -467a0 + -39?
-46829
In base 9, what is 1658612 + 87?
1658710
In base 6, what is -544214552 - -4?
-544214544
In base 7, what is 2240206163 - 4?
2240206156
In base 6, what is 42034405254 + 2?
42034405300
In base 11, what is 118 - 6654a?
-66432
In base 11, what is 4 + -a92639?
-a92635
In base 14, what is 4c478b - b?
4c4780
In base 2, what is -10110001 + -100001101110101011?
-100001110001011100
In base 5, what is -23121 + -1312313?
-1340434
In base 8, what is 2 - -244621473?
244621475
In base 6, what is -4052533 - 25454?
-4122431
In base 11, what is 5a095 + -5440?
54755
In base 11, what is -a05036 - 420?
-a05456
In base 4, what is -213 + 210223003113?
210223002300
In base 9, what is 1155567 + 3?
1155571
In base 7, what is 14111645 - 2?
14111643
In base 16, what is 19e9cc - 6?
19e9c6
In base 4, what is -1033002132 + -2330?
-1033011122
In base 10, what is -44993 - -9296?
-35697
In base 5, what is 122 - 113232443?
-113232321
In base 7, what is 2034 + 364423?
366460
In base 16, what is 214 - 7713?
-74ff
In base 11, what is -626 - 20a39?
-21564
In base 8, what is 13413564 + -2?
13413562
In base 8, what is 2 - -75415302?
75415304
In base 2, what is 10001001110110 + 1001010100101000?
1011011110011110
In base 16, what is -1fa + 2587?
238d
In base 4, what is -1000310 + -33332201?
-100333111
In base 13, what is -1825 - -5cb6?
4491
In base 3, what is 22 - -1100122200?
1100122222
In base 9, what is -414223 - 43?
-414266
In base 7, what is -3622414 + 3340?
-3616044
In base 6, what is -20022211 + 1414?
-20020353
In base 11, what is -5 + -126185a9?
-12618603
In base 8, what is 130 + -14154733?
-14154603
In base 2, what is 10 + -100000101011100000111011?
-100000101011100000111001
In base 3, what is -211210212101 - -122212?
-211210012112
In base 6, what is 132114 - -225?
132343
In base 10, what is 11 + -3196633?
-3196622
In base 13, what is 3ab87 + 71c?
3b5a6
In base 13, what is -2321481 - 4?
-2321485
In base 2, what is -110 - -1000011100011101111110011010?
1000011100011101111110010100
In base 9, what is -40816 - 264?
-41181
In base 5, what is 1 + 12040400333?
12040400334
In base 12, what is 1248916 + -335?
12485a1
In base 6, what is -1114153 + 145?
-1114004
In base 9, what is -87 + 24170?
24072
In base 11, what is -7 - -5a27120?
5a27114
In base 12, what is -2384 - -54a93?
5270b
In base 10, what is -2933 + 16454?
13521
In base 3, what is 1 - 12110111000011000?
-12110111000010222
In base 3, what is -11222021211200221 - 0?
-11222021211200221
In base 3, what is 2111100 - 12210220011?
-12201101211
In base 12, what is -163 + -bb4bb?
-bb662
In base 6, what is 140401 - 3313?
133044
In base 11, what is -322 - 318a6?
-32118
In base 16, what is -1a + -1dda9e1?
-1dda9fb
In base 3, what is -2002202001221 + -10202?
-2002202012200
In base 9, what is 1206161 - 556?
1205504
In base 8, what is -7652306 + -4?
-7652312
In base 16, what is 0 + -55250d8?
-55250d8
In base 15, what is 114 + 4838?
494c
In base 15, what is 29d2d + a41?
2a86e
In base 6, what is 4154135325 - -2?
4154135331
In base 2, what is -1000111 + 100010010010100110?
100010010001011111
In base 13, what is 3579 + -8180?
-4904
In base 13, what is 16bc - -20169?
21858
In base 13, what is -301813c - -4?
-3018138
In base 12, what is -337b02 + 194?
-33792a
In base 12, what is 0 + a77231a?
a77231a
In base 14, what is -59d30 - -1a0?
-59b70
In base 14, what is 6086 - -148?
61d0
In base 9, what is -13478 - -28287?
14708
In base 8, what is -15 + -5756576?
-5756613
In base 14, what is 7 - 9aa3?
-9a9a
In base 6, what is -2 + -105401421?
-105401423
In base 5, what is 324131 - -1031?
330212
In base 16, what is 25f + -1715?
-14b6
In base 13, what is 1073 - -334?
13a7
In base 12, what is -353 + 4758?
4405
In base 11, what is -17a - -191a2?
19023
In base 14, what is 6116 - 4c?
60a8
In base 2, what is -10010000001110000110000 - -10010001?
-10010000001101110011111
In base 10, what is -3915 + -32624?
-36539
In base 7, what is -120512423 - 52?
-120512505
In base 6, what is 115144115540 - 2?
115144115534
In base 11, what is -4 + -10065494?
-10065498
In base 5, what is -2320241242 + 1024?
-2320240213
In base 14, what is 30643 - -1466?
31aa9
In base 3, what is -1220002010 + 12011222?
-1200220011
In base 4, what is -301332 - 1301320?
-2203312
In base 13, what is 532 + 3c01?
4433
In base 8, what is 14530416 - 10?
14530406
In base 3, what is 0 - 110201210112200?
-110201210112200
In base 13, what is 122 - 90c5b?
-90b39
In base 6, what is -4210313 + -111?
-4210424
In base 11, what is 26643 + 13?
26656
In base 6, what is 2 - -2304335051?
2304335053
In base 4, what is 1313021 + 222?
1313303
In base 10, what is 11 + -165226?
-165215
In base 2, what is 111 + -11110101001010010111101?
-11110101001010010110110
In base 9, what is 816 - 202571?
-201654
In base 12, what is 2 - 2a10969?
-2a10967
In base 11, what is -4689692 + 2?
-4689690
In base 10, what is -7173093 - -15?
-7173078
In base 13, what is -3ca9b + -75?
-3cb43
In base 16, what is 17 - 45a9c?
-45a85
In base 15, what is 1 + 2c32a?
2c32b
In base 8, what is -154713061 + -2?
-154713063
In base 15, what is 3043b5 - 3?
3043b2
In base 7, what is -5 - -220654016?
220654011
In base 10, what is 3117 + -2558?
559
In base 3, what is 22122 - 11200111?
-11100212
In base 14, what is 1c832 - 2c8?
1c548
In base 16, what is 2ba300 - -e?
2ba30e
In base 13, what is -539a32 + -92?
-539ac4
In base 8, what is 576 + 70403?
71201
In base 6, what is -211435 + 113?
-211322
In base 14, what is 5 + -2147485?
-2147480
In base 15, what is 763b07 - -2?
763b09
In base 16, what is 1007 - -201?
1208
In base 10, what is 3 - -27766797?
27766800
In base 4, what is 13210233 + -1011030?
12133203
In base 9, what is -25353 - 272?
-25635
In base 8, what is 63 - -2737041?
2737124
In base 10, what is -1 - 36694630?
-36694631
In base 2, what is 11000110 - 10101001111101100?
-10101001100100110
In base 8, what is -75436303 + 7?
-75436274
In base 8, what is -7260506 - -152?
-7260334
In base 10, what is -38248529 + 2?
-38248527
In base 5, what is -3332122231 - 223?
-3332123004
In base 15, what is -78e - 8ec3?
-9762
In base 15, what is 44c093 + c2?
44c165
In base 12, what is -2 - 1202230?
-1202232
In base 5, what is 2023332031 - 0?
2023332031
In base 7, what is 5 - -601165120?
601165125
In base 2, what is -111101011010 + 100111000001000?
11111010101110
In base 8, what is -12 + -152632352?
-152632364
In base 14, what is -6 + -c14a91?
-c14a97
In base 2, what is 0 + 1101010100110111110110010111?
1101010100110111110110010111
In base 9, what is 6748747 - -143?
6750001
In base 2, what is -111110001 + -11010001010010001?
-11010010010000010
In base 14, what is 75c124 - -1d?
75c143
In base 2, what is 1001001010100 - 11011111000111?
-10010101110011
In base 7, what is 22 + 332323233?
332323255
In base 2, what is -10011000000100001101101010 + -11?
-10011000000100001101101101
